{"id":867,"date":"2023-08-27T10:45:30","date_gmt":"2023-08-27T08:45:30","guid":{"rendered":"http:\/\/www.raptore-bajk.pl\/?post_type=product&#038;p=867"},"modified":"2024-02-12T22:37:32","modified_gmt":"2024-02-12T21:37:32","slug":"bms-ant-8-24s-300a-smart-bt","status":"publish","type":"product","link":"https:\/\/www.raptore-bajk.pl\/index.php\/produkt\/bms-ant-8-24s-300a-smart-bt\/","title":{"rendered":"BMS ANT 10-24s 300A Smart BT"},"content":{"rendered":"<p>BMS ANT 300A Smart to zaawansowany System Zarz\u0105dzania Bateri\u0105, kt\u00f3ry zapewnia skuteczne i bezpieczne funkcjonowanie akumulatora. Z obs\u0142ug\u0105 pr\u0105du o warto\u015bci 300A, ten BMS monitoruje i kontroluje wszystkie kluczowe parametry, takie jak napi\u0119cie, pr\u0105d, temperatura i r\u00f3wnomierno\u015b\u0107 roz\u0142adowywania. Dzi\u0119ki funkcji Smart, umo\u017cliwia zdalne monitorowanie i konfiguracj\u0119 przez aplikacj\u0119, co przek\u0142ada si\u0119 na wygod\u0119 u\u017cytkowania. ANT 300A Smart BMS to idealne rozwi\u0105zanie dla tych, kt\u00f3rzy ceni\u0105 sobie zaawansowane technologie, umo\u017cliwiaj\u0105ce skuteczne zarz\u0105dzanie energi\u0105 w systemach akumulatorowych.<\/p>\n<p>W sprzeda\u017cy posiadamy BMS ANT 300A z najnowszym softem dost\u0119pnym na Android<\/p>\n<p><strong>Wersja szczytowa 300A, ci\u0105g\u0142e roz\u0142adowanie 120A<\/strong><\/p>\n<p><span>Wersja 10S do 24S:<\/span><br \/>\n<span>Bateria litowo-jonowa 10S do 24S, bateria Lifepo4 od 10S do 24S, bateria 10S do 24S LTO<\/span><\/p>\n<p><strong data-spm-anchor-id=\"a2g0o.detail.1000023.i3.4bf47f23CdjEof\">Najnowsz\u0105 wersje BMS ANT\u00a0 mo\u017cemy ustawi\u0107 wy\u0142\u0105cznie z najnowszej aplikacji,<span>\u00a0<\/span><\/strong><strong data-spm-anchor-id=\"a2g0o.detail.1000023.i3.4bf47f23CdjEof\">link poni\u017cej.<\/strong><\/p>\n<p>https:\/\/drive.google.com\/file\/d\/1nby0utms8jogbYTpbhgOW5170o1RStz3\/view?usp=sharing<\/p>\n<p><strong>Zestaw zawiera:<\/strong><\/p>\n<p>-Urz\u0105dzenie BMS ANT 300A<\/p>\n<p>-Przewody Balansuj\u0105ce<\/p>\n<p>-4x czujniki temperatury<\/p>\n<p>-Przew\u00f3d aktywacji<\/p>\n<p>-Koszulki termokurczliwe<\/p>\n<p><em><strong>Zestaw nie zawiera LCD.<\/strong><\/em><\/p>\n","protected":false},"excerpt":{"rendered":"<p>BMS ANT 300A Smart to zaawansowany System Zarz\u0105dzania Bateri\u0105, kt\u00f3ry zapewnia skuteczne i bezpieczne funkcjonowanie akumulatora. Z obs\u0142ug\u0105 pr\u0105du o warto\u015bci 300A, ten BMS monitoruje i kontroluje wszystkie kluczowe parametry, takie jak napi\u0119cie, pr\u0105d, temperatura i r\u00f3wnomierno\u015b\u0107 roz\u0142adowywania. Dzi\u0119ki funkcji Smart, umo\u017cliwia zdalne monitorowanie i konfiguracj\u0119 przez aplikacj\u0119, co przek\u0142ada [&hellip;]<\/p>\n","protected":false},"featured_media":868,"comment_status":"open","ping_status":"closed","template":"","meta":[],"product_brand":[],"product_cat":[17],"product_tag":[],"class_list":{"0":"post-867","1":"product","2":"type-product","3":"status-publish","4":"has-post-thumbnail","6":"product_cat-bez-kategorii","8":"first","9":"instock","10":"taxable","11":"shipping-taxable","12":"purchasable","13":"product-type-simple"},"jetpack_sharing_enabled":true,"_links":{"self":[{"href":"https:\/\/www.raptore-bajk.pl\/index.php\/wp-json\/wp\/v2\/product\/867","targetHints":{"allow":["GET"]}}],"collection":[{"href":"https:\/\/www.raptore-bajk.pl\/index.php\/wp-json\/wp\/v2\/product"}],"about":[{"href":"https:\/\/www.raptore-bajk.pl\/index.php\/wp-json\/wp\/v2\/types\/product"}],"replies":[{"embeddable":true,"href":"https:\/\/www.raptore-bajk.pl\/index.php\/wp-json\/wp\/v2\/comments?post=867"}],"wp:featuredmedia":[{"embeddable":true,"href":"https:\/\/www.raptore-bajk.pl\/index.php\/wp-json\/wp\/v2\/media\/868"}],"wp:attachment":[{"href":"https:\/\/www.raptore-bajk.pl\/index.php\/wp-json\/wp\/v2\/media?parent=867"}],"wp:term":[{"taxonomy":"product_brand","embeddable":true,"href":"https:\/\/www.raptore-bajk.pl\/index.php\/wp-json\/wp\/v2\/product_brand?post=867"},{"taxonomy":"product_cat","embeddable":true,"href":"https:\/\/www.raptore-bajk.pl\/index.php\/wp-json\/wp\/v2\/product_cat?post=867"},{"taxonomy":"product_tag","embeddable":true,"href":"https:\/\/www.raptore-bajk.pl\/index.php\/wp-json\/wp\/v2\/product_tag?post=867"}],"curies":[{"name":"wp","href":"https:\/\/api.w.org\/{rel}","templated":true}]}}