{"id":822,"date":"2023-07-15T01:21:03","date_gmt":"2023-07-14T23:21:03","guid":{"rendered":"http:\/\/www.raptore-bajk.pl\/?post_type=product&#038;p=822"},"modified":"2025-12-08T21:26:19","modified_gmt":"2025-12-08T20:26:19","slug":"akumulator-surron-72v-50ah","status":"publish","type":"product","link":"https:\/\/www.raptore-bajk.pl\/index.php\/produkt\/akumulator-surron-72v-50ah\/","title":{"rendered":"Akumulator Surron Light Bee 72V 50Ah 18kW"},"content":{"rendered":"<p><strong>Akumulator Li-ion Surron Light Bee\u00a0 w trwa\u0142ej obudowie Custom<\/strong><br \/>\n<strong>72 V 50Ah 3600Wh Pr\u0105d\u00a0 250A\u00a0<\/strong><\/p>\n<p>Do naszego akumulatora zaprojektowali\u015bmy specjalne \u0142\u0105czniki miedziane o grubo\u015bci 0,3 mm, kt\u00f3re s\u0142u\u017c\u0105 do \u0142\u0105czenia ogniw. S\u0105 one precyzyjnie wycinane przy u\u017cyciu technologii laserowej, co wyr\u00f3\u017cnia nasze produkty na tle konkurencji. Nasze \u0142\u0105czniki charakteryzuj\u0105 si\u0119 doskona\u0142ym przewodnictwem pr\u0105du, minimalizuj\u0105c straty energii i zapobiegaj\u0105c nagrzewaniu ogniw. Dzi\u0119ki temu akumulator osi\u0105ga wysok\u0105 wydajno\u015b\u0107.<\/p>\n<p>Ca\u0142y proces produkcji akumulatora odbywa si\u0119 na najwy\u017cszym poziomie, z wykorzystaniem najnowocze\u015bniejszych technologii i innowacyjnych rozwi\u0105za\u0144, co gwarantuje jego niezawodno\u015b\u0107 i trwa\u0142o\u015b\u0107.<\/p>\n<p><strong>Wersja oficjalna z zachowaniem odporno\u015bci na zalania wod\u0105 [ Nie myjemy myjaki ci\u015bnieniowymi]<\/strong><\/p>\n<p><span>Waga akumulatora 17Kg<\/span><br \/>\n<span>Akumulator pasuje do ka\u017cdej wersji surrona light bee. I jest wy\u017cszy tylko 1,5cm od orygina\u0142u,\u00a0 Do zestawu do\u0142\u0105czmy adaptery zamka, nie wymaga podnoszenia siode\u0142ka<\/span><\/p>\n<p><span>W zestawie<\/span><\/p>\n<p><span>-Akumulator\u00a0<\/span><span>72V\u00a0<\/span><span> 50Ah<\/span><br \/>\n<span>-Adapter zamka<\/span><br \/>\n<span>-Wtyczka do sterownika<\/span><br \/>\n<span>-Wtyczka do \u0142adowarki<\/span><\/p>\n<p><a href=\"http:\/\/www.raptore-bajk.pl\/index.php\/produkt\/ladowarka-li-ion-84v-15a\/\"><strong><span>Nie zawiera \u0142adowarki (link)<\/span><\/strong><\/a><\/p>\n<p><span>Wymiary:<\/span><\/p>\n<p><span>wysoko\u015b\u0107 37 cm<\/span><\/p>\n<p><span>Na akumulator jest rok gwarancji!!<\/span><br \/>\n<span>Do produktu do\u0142\u0105czam Wydruk z jego faktyczn\u0105 pojemno\u015bci\u0105 z testu obci\u0105\u017cenia.<\/span><\/p>\n<p><span>Przy zam\u00f3wieniu, prosz\u0119, czy siode\u0142ko jest z podwy\u017cszeniem, czy standard.<\/span><\/p>\n<p><strong>Czas oczekiwania od 14- do 30 dni roboczych<\/strong><\/p>\n","protected":false},"excerpt":{"rendered":"<p>Akumulator Li-ion Surron Light Bee\u00a0 w trwa\u0142ej obudowie Custom 72 V 50Ah 3600Wh Pr\u0105d\u00a0 250A\u00a0 Do naszego akumulatora zaprojektowali\u015bmy specjalne \u0142\u0105czniki miedziane o grubo\u015bci 0,3 mm, kt\u00f3re s\u0142u\u017c\u0105 do \u0142\u0105czenia ogniw. S\u0105 one precyzyjnie wycinane przy u\u017cyciu technologii laserowej, co wyr\u00f3\u017cnia nasze produkty na tle konkurencji. Nasze \u0142\u0105czniki charakteryzuj\u0105 si\u0119 [&hellip;]<\/p>\n","protected":false},"featured_media":1720,"comment_status":"open","ping_status":"closed","template":"","meta":[],"product_brand":[],"product_cat":[29],"product_tag":[],"class_list":{"0":"post-822","1":"product","2":"type-product","3":"status-publish","4":"has-post-thumbnail","6":"product_cat-modyfikacje-surron-light-bee","8":"first","9":"instock","10":"taxable","11":"shipping-taxable","12":"purchasable","13":"product-type-simple"},"jetpack_sharing_enabled":true,"_links":{"self":[{"href":"https:\/\/www.raptore-bajk.pl\/index.php\/wp-json\/wp\/v2\/product\/822","targetHints":{"allow":["GET"]}}],"collection":[{"href":"https:\/\/www.raptore-bajk.pl\/index.php\/wp-json\/wp\/v2\/product"}],"about":[{"href":"https:\/\/www.raptore-bajk.pl\/index.php\/wp-json\/wp\/v2\/types\/product"}],"replies":[{"embeddable":true,"href":"https:\/\/www.raptore-bajk.pl\/index.php\/wp-json\/wp\/v2\/comments?post=822"}],"wp:featuredmedia":[{"embeddable":true,"href":"https:\/\/www.raptore-bajk.pl\/index.php\/wp-json\/wp\/v2\/media\/1720"}],"wp:attachment":[{"href":"https:\/\/www.raptore-bajk.pl\/index.php\/wp-json\/wp\/v2\/media?parent=822"}],"wp:term":[{"taxonomy":"product_brand","embeddable":true,"href":"https:\/\/www.raptore-bajk.pl\/index.php\/wp-json\/wp\/v2\/product_brand?post=822"},{"taxonomy":"product_cat","embeddable":true,"href":"https:\/\/www.raptore-bajk.pl\/index.php\/wp-json\/wp\/v2\/product_cat?post=822"},{"taxonomy":"product_tag","embeddable":true,"href":"https:\/\/www.raptore-bajk.pl\/index.php\/wp-json\/wp\/v2\/product_tag?post=822"}],"curies":[{"name":"wp","href":"https:\/\/api.w.org\/{rel}","templated":true}]}}