{"id":638,"date":"2022-12-16T23:33:20","date_gmt":"2022-12-16T22:33:20","guid":{"rendered":"https:\/\/www.raptore-bajk.pl\/?post_type=product&#038;p=638"},"modified":"2026-04-26T15:25:53","modified_gmt":"2026-04-26T13:25:53","slug":"akumulator-surron-60v-65ah-16kw","status":"publish","type":"product","link":"https:\/\/www.raptore-bajk.pl\/index.php\/produkt\/akumulator-surron-60v-65ah-16kw\/","title":{"rendered":"Akumulator Surron Light 60V 65Ah 16kW"},"content":{"rendered":"<p><span>Akumulator Li-ion Surron Light w trwa\u0142ej obudowie Custom<\/span><br \/>\n<span>60 V 65Ah 3900Wh Current 250A. 300A peek co daje\u00a0<strong> moc szczytow\u0105 ponad 18kW\u00a0<\/strong><\/span><\/p>\n<p>Do naszego akumulatora zaprojektowali\u015bmy specjalne \u0142\u0105czniki miedziane o grubo\u015bci 0,3 mm, kt\u00f3re s\u0142u\u017c\u0105 do \u0142\u0105czenia ogniw. S\u0105 one precyzyjnie wycinane przy u\u017cyciu technologii laserowej, co wyr\u00f3\u017cnia nasze produkty na tle konkurencji. Nasze \u0142\u0105czniki charakteryzuj\u0105 si\u0119 doskona\u0142ym przewodnictwem pr\u0105du, minimalizuj\u0105c straty energii i zapobiegaj\u0105c nagrzewaniu ogniw. Dzi\u0119ki temu akumulator osi\u0105ga wysok\u0105 wydajno\u015b\u0107.<\/p>\n<p>Ca\u0142y proces produkcji akumulatora odbywa si\u0119 na najwy\u017cszym poziomie, z wykorzystaniem najnowocze\u015bniejszych technologii i innowacyjnych rozwi\u0105za\u0144, co gwarantuje jego niezawodno\u015b\u0107 i trwa\u0142o\u015b\u0107.<\/p>\n<p><a href=\"https:\/\/youtu.be\/ShLj6mLJRjs?si=YXPqbVHQ2M55ym8E\"><strong>Monta\u017c Akumulatora I sterownika Torp &lt;kliknij&gt;<\/strong><\/a><\/p>\n<p><span>Waga akumulatora 18 Kg<\/span><br \/>\n<span>Akumulator pasuje do ka\u017cdej wersji surrona\u00a0 Light Bee itp. Do zestawu do\u0142\u0105czamy dedykowane adaptery Klapki.<\/span><\/p>\n<p>&nbsp;<\/p>\n<p><img loading=\"lazy\" decoding=\"async\" src=\"http:\/\/www.raptore-bajk.pl\/wp-content\/uploads\/2022\/12\/IMG-20230822-WA0003-1024x768.jpg\" alt=\"\" width=\"750\" height=\"563\" class=\"alignleft size-large wp-image-861\" srcset=\"https:\/\/www.raptore-bajk.pl\/wp-content\/uploads\/2022\/12\/IMG-20230822-WA0003-1024x768.jpg 1024w, https:\/\/www.raptore-bajk.pl\/wp-content\/uploads\/2022\/12\/IMG-20230822-WA0003-300x225.jpg 300w, https:\/\/www.raptore-bajk.pl\/wp-content\/uploads\/2022\/12\/IMG-20230822-WA0003-768x576.jpg 768w, https:\/\/www.raptore-bajk.pl\/wp-content\/uploads\/2022\/12\/IMG-20230822-WA0003-1536x1152.jpg 1536w, https:\/\/www.raptore-bajk.pl\/wp-content\/uploads\/2022\/12\/IMG-20230822-WA0003-600x450.jpg 600w, https:\/\/www.raptore-bajk.pl\/wp-content\/uploads\/2022\/12\/IMG-20230822-WA0003.jpg 1600w\" sizes=\"auto, (max-width: 750px) 100vw, 750px\" \/><\/p>\n<p>&nbsp;<\/p>\n<p>&nbsp;<\/p>\n<p>&nbsp;<\/p>\n<p>&nbsp;<\/p>\n<p>&nbsp;<\/p>\n<p>&nbsp;<\/p>\n<p>&nbsp;<\/p>\n<p>&nbsp;<\/p>\n<p>&nbsp;<\/p>\n<p>&nbsp;<\/p>\n<p><span>W zestawie<\/span><\/p>\n<p><span>-Akumulator 60<\/span><span>V<\/span><span> 65Ah<\/span><br \/>\n<span>-Adaptery klapki<\/span><\/p>\n<p>-Przed\u0142u\u017cenie klapki<\/p>\n<p>-Wi\u0105zka zasilaj\u0105ca miedzy sterownik a akumulator [ w wersji pod wtyk qs8]<\/p>\n<p><span>-Wtyczka do sterownik<\/span><\/p>\n<p><strong>Nie zawiera \u0142adowarki [Natomiast mo\u017ce pracowa\u0107 z oryginaln\u0105 \u0142adowarka surrona]<\/strong><\/p>\n<p><span>Wymiary:<\/span><\/p>\n<p><span>wysoko\u015b\u0107 40 cm<\/span><\/p>\n<p><span>Na akumulator jest rok gwarancji !!<\/span><\/p>\n<p><span>Przy zam\u00f3wieniu prosz\u0119 poda\u0107, czy siode\u0142ko jest z podwy\u017cszeniem, czy standard aby wys\u0142a\u0107 odpowiedni komplet adapter\u00f3w klapki\u00a0<\/span><\/p>\n<p><strong>Czas oczekiwania od 14- do 30 dni roboczych w zale\u017cno\u015bci od ilo\u015bci zam\u00f3wie\u0144\u00a0<\/strong><\/p>\n","protected":false},"excerpt":{"rendered":"<p><span>Akumulator Li-ion Surron Light bee Custom<\/span><br \/>\n<span>60 V 65Ah \u00a0<\/span><\/p>\n","protected":false},"featured_media":1898,"comment_status":"open","ping_status":"closed","template":"","meta":[],"product_brand":[],"product_cat":[29],"product_tag":[],"class_list":{"0":"post-638","1":"product","2":"type-product","3":"status-publish","4":"has-post-thumbnail","6":"product_cat-modyfikacje-surron-light-bee","8":"first","9":"outofstock","10":"taxable","11":"shipping-taxable","12":"purchasable","13":"product-type-simple"},"jetpack_sharing_enabled":true,"_links":{"self":[{"href":"https:\/\/www.raptore-bajk.pl\/index.php\/wp-json\/wp\/v2\/product\/638","targetHints":{"allow":["GET"]}}],"collection":[{"href":"https:\/\/www.raptore-bajk.pl\/index.php\/wp-json\/wp\/v2\/product"}],"about":[{"href":"https:\/\/www.raptore-bajk.pl\/index.php\/wp-json\/wp\/v2\/types\/product"}],"replies":[{"embeddable":true,"href":"https:\/\/www.raptore-bajk.pl\/index.php\/wp-json\/wp\/v2\/comments?post=638"}],"wp:featuredmedia":[{"embeddable":true,"href":"https:\/\/www.raptore-bajk.pl\/index.php\/wp-json\/wp\/v2\/media\/1898"}],"wp:attachment":[{"href":"https:\/\/www.raptore-bajk.pl\/index.php\/wp-json\/wp\/v2\/media?parent=638"}],"wp:term":[{"taxonomy":"product_brand","embeddable":true,"href":"https:\/\/www.raptore-bajk.pl\/index.php\/wp-json\/wp\/v2\/product_brand?post=638"},{"taxonomy":"product_cat","embeddable":true,"href":"https:\/\/www.raptore-bajk.pl\/index.php\/wp-json\/wp\/v2\/product_cat?post=638"},{"taxonomy":"product_tag","embeddable":true,"href":"https:\/\/www.raptore-bajk.pl\/index.php\/wp-json\/wp\/v2\/product_tag?post=638"}],"curies":[{"name":"wp","href":"https:\/\/api.w.org\/{rel}","templated":true}]}}