{"id":612,"date":"2022-11-24T20:16:45","date_gmt":"2022-11-24T19:16:45","guid":{"rendered":"http:\/\/www.raptore-bajk.pl\/?post_type=product&#038;p=612"},"modified":"2026-02-15T01:52:17","modified_gmt":"2026-02-15T00:52:17","slug":"sterownik-votol-em200-2sp","status":"publish","type":"product","link":"https:\/\/www.raptore-bajk.pl\/index.php\/produkt\/sterownik-votol-em200-2sp\/","title":{"rendered":"Sterownik Votol EM200 2sp"},"content":{"rendered":"<div class=\"detailmodule_text\">\n<p class=\"detail-desc-decorate-title\" data-spm-anchor-id=\"a2g0o.detail.1000023.i0.350845578WNOf3\">Opis produktu<\/p>\n<\/div>\n<div class=\"detailmodule_text\">\n<p class=\"detail-desc-decorate-content\" data-spm-anchor-id=\"a2g0o.detail.1000023.i1.350845578WNOf3\">Model: EM-200\/2 sterownik sinusoidalny<br \/>\n1. Dost\u0119pne napi\u0119cie baterii: 48V-72V<br \/>\n2. Znamionowy pr\u0105d sta\u0142y: 200A<br \/>\n3. Zwi\u0119ksz pr\u0105d sta\u0142y: 250A<br \/>\n4. Szczytowy pr\u0105d fazowy: 600A<br \/>\n5. Max. Moc: 18000W<br \/>\n6. Szczeg\u00f3\u0142y mosfet\u00f3w: 30 FET<br \/>\n7. Dopasowana moc znamionowa silnika: 5KW-8KW<br \/>\n8. Max. Wydajno\u015b\u0107: 92%<br \/>\n9. Stopie\u0144 wodoodporno\u015bci: IP67<br \/>\n10. Wsp\u00f3\u0142czynnik zu\u017cycia strumienia: 200%<br \/>\n11. Pracy komunikacja: czujnik halla<br \/>\n12. Waga netto: 2440g<br \/>\n13. Rozmiar: 249mm * 138mm * 74mm<br \/>\n14. Wsparcie programowalny przez PC<\/p>\n<p data-spm-anchor-id=\"a2g0o.detail.1000023.i1.350845578WNOf3\"><strong>Sterownik idealny pod silnik Qs138 V3<\/strong><\/p>\n<p data-spm-anchor-id=\"a2g0o.detail.1000023.i1.350845578WNOf3\"><img loading=\"lazy\" decoding=\"async\" src=\"http:\/\/www.raptore-bajk.pl\/wp-content\/uploads\/2022\/11\/opis-wtyczek.jpg\" alt=\"\" width=\"1000\" height=\"1000\" class=\"wp-image-618 size-full aligncenter\" srcset=\"https:\/\/www.raptore-bajk.pl\/wp-content\/uploads\/2022\/11\/opis-wtyczek.jpg 1000w, https:\/\/www.raptore-bajk.pl\/wp-content\/uploads\/2022\/11\/opis-wtyczek-160x160.jpg 160w, https:\/\/www.raptore-bajk.pl\/wp-content\/uploads\/2022\/11\/opis-wtyczek-600x600.jpg 600w, https:\/\/www.raptore-bajk.pl\/wp-content\/uploads\/2022\/11\/opis-wtyczek-300x300.jpg 300w, https:\/\/www.raptore-bajk.pl\/wp-content\/uploads\/2022\/11\/opis-wtyczek-150x150.jpg 150w, https:\/\/www.raptore-bajk.pl\/wp-content\/uploads\/2022\/11\/opis-wtyczek-768x768.jpg 768w\" sizes=\"auto, (max-width: 1000px) 100vw, 1000px\" \/><\/p>\n<p data-spm-anchor-id=\"a2g0o.detail.1000023.i1.350845578WNOf3\"><img loading=\"lazy\" decoding=\"async\" src=\"http:\/\/www.raptore-bajk.pl\/wp-content\/uploads\/2022\/11\/obudowa.png\" alt=\"\" width=\"587\" height=\"529\" class=\"alignnone size-full wp-image-617\" srcset=\"https:\/\/www.raptore-bajk.pl\/wp-content\/uploads\/2022\/11\/obudowa.png 587w, https:\/\/www.raptore-bajk.pl\/wp-content\/uploads\/2022\/11\/obudowa-300x270.png 300w\" sizes=\"auto, (max-width: 587px) 100vw, 587px\" \/><\/p>\n<\/div>\n","protected":false},"excerpt":{"rendered":"<p>Opis produktu Model: EM-200\/2 sterownik sinusoidalny 1. Dost\u0119pne napi\u0119cie baterii: 48V-72V 2. Znamionowy pr\u0105d sta\u0142y: 200A 3. Zwi\u0119ksz pr\u0105d sta\u0142y: 250A 4. Szczytowy pr\u0105d fazowy: 600A 5. Max. Moc: 18000W 6. Szczeg\u00f3\u0142y mosfet\u00f3w: 30 FET 7. Dopasowana moc znamionowa silnika: 5KW-8KW 8. Max. Wydajno\u015b\u0107: 92% 9. Stopie\u0144 wodoodporno\u015bci: IP67 10. [&hellip;]<\/p>\n","protected":false},"featured_media":613,"comment_status":"open","ping_status":"closed","template":"","meta":[],"product_brand":[],"product_cat":[28],"product_tag":[],"class_list":{"0":"post-612","1":"product","2":"type-product","3":"status-publish","4":"has-post-thumbnail","6":"product_cat-sterownik","8":"first","9":"outofstock","10":"taxable","11":"shipping-taxable","12":"purchasable","13":"product-type-simple"},"jetpack_sharing_enabled":true,"_links":{"self":[{"href":"https:\/\/www.raptore-bajk.pl\/index.php\/wp-json\/wp\/v2\/product\/612","targetHints":{"allow":["GET"]}}],"collection":[{"href":"https:\/\/www.raptore-bajk.pl\/index.php\/wp-json\/wp\/v2\/product"}],"about":[{"href":"https:\/\/www.raptore-bajk.pl\/index.php\/wp-json\/wp\/v2\/types\/product"}],"replies":[{"embeddable":true,"href":"https:\/\/www.raptore-bajk.pl\/index.php\/wp-json\/wp\/v2\/comments?post=612"}],"wp:featuredmedia":[{"embeddable":true,"href":"https:\/\/www.raptore-bajk.pl\/index.php\/wp-json\/wp\/v2\/media\/613"}],"wp:attachment":[{"href":"https:\/\/www.raptore-bajk.pl\/index.php\/wp-json\/wp\/v2\/media?parent=612"}],"wp:term":[{"taxonomy":"product_brand","embeddable":true,"href":"https:\/\/www.raptore-bajk.pl\/index.php\/wp-json\/wp\/v2\/product_brand?post=612"},{"taxonomy":"product_cat","embeddable":true,"href":"https:\/\/www.raptore-bajk.pl\/index.php\/wp-json\/wp\/v2\/product_cat?post=612"},{"taxonomy":"product_tag","embeddable":true,"href":"https:\/\/www.raptore-bajk.pl\/index.php\/wp-json\/wp\/v2\/product_tag?post=612"}],"curies":[{"name":"wp","href":"https:\/\/api.w.org\/{rel}","templated":true}]}}