{"id":570,"date":"2022-11-17T22:49:21","date_gmt":"2022-11-17T21:49:21","guid":{"rendered":"http:\/\/www.raptore-bajk.pl\/?post_type=product&#038;p=570"},"modified":"2022-11-17T22:49:21","modified_gmt":"2022-11-17T21:49:21","slug":"akumulator-hulajnoga-harley-60v","status":"publish","type":"product","link":"https:\/\/www.raptore-bajk.pl\/index.php\/produkt\/akumulator-hulajnoga-harley-60v\/","title":{"rendered":"Akumulator hulajnoga harley 60V"},"content":{"rendered":"<p>Akumulator do\u00a0 hulajnogi harley\u00a0 w pod\u0142og\u0119<\/p>\n<h1 data-cy=\"ad_title\" class=\"css-r9zjja-Text eu5v0x0\">CITYCOCO ,VELEX<\/h1>\n<p><strong>Zdj\u0119cie podgl\u0105dowe\u00a0<\/strong><\/p>\n<p><img loading=\"lazy\" decoding=\"async\" src=\"http:\/\/www.raptore-bajk.pl\/wp-content\/uploads\/2022\/11\/hulajnoga-233x300.jpg\" alt=\"\" width=\"233\" height=\"300\" class=\"alignnone wp-image-571 size-medium\" srcset=\"https:\/\/www.raptore-bajk.pl\/wp-content\/uploads\/2022\/11\/hulajnoga-233x300.jpg 233w, https:\/\/www.raptore-bajk.pl\/wp-content\/uploads\/2022\/11\/hulajnoga-600x772.jpg 600w, https:\/\/www.raptore-bajk.pl\/wp-content\/uploads\/2022\/11\/hulajnoga-795x1024.jpg 795w, https:\/\/www.raptore-bajk.pl\/wp-content\/uploads\/2022\/11\/hulajnoga-768x989.jpg 768w, https:\/\/www.raptore-bajk.pl\/wp-content\/uploads\/2022\/11\/hulajnoga.jpg 950w\" sizes=\"auto, (max-width: 233px) 100vw, 233px\" \/><\/p>\n<p>Dane techniczne :<\/p>\n<p>Napi\u0119cie nominalne 60V [16s Li-ion]<\/p>\n<p>Pojemno\u015b\u0107 28Ah<\/p>\n<p>Max pr\u0105d 50A<\/p>\n<p>Ogniwa Samsung<\/p>\n<p>Wymiary ok. 340\\180\\80<\/p>\n<p>Zdj\u0119cie produktu<\/p>\n<p><img loading=\"lazy\" decoding=\"async\" src=\"http:\/\/www.raptore-bajk.pl\/wp-content\/uploads\/2022\/11\/IMG_20221117_175428-205x300.jpg\" alt=\"\" width=\"205\" height=\"300\" class=\"alignnone size-medium wp-image-572\" srcset=\"https:\/\/www.raptore-bajk.pl\/wp-content\/uploads\/2022\/11\/IMG_20221117_175428-205x300.jpg 205w, https:\/\/www.raptore-bajk.pl\/wp-content\/uploads\/2022\/11\/IMG_20221117_175428-600x879.jpg 600w, https:\/\/www.raptore-bajk.pl\/wp-content\/uploads\/2022\/11\/IMG_20221117_175428-699x1024.jpg 699w, https:\/\/www.raptore-bajk.pl\/wp-content\/uploads\/2022\/11\/IMG_20221117_175428-768x1126.jpg 768w, https:\/\/www.raptore-bajk.pl\/wp-content\/uploads\/2022\/11\/IMG_20221117_175428-1048x1536.jpg 1048w, https:\/\/www.raptore-bajk.pl\/wp-content\/uploads\/2022\/11\/IMG_20221117_175428-1397x2048.jpg 1397w, https:\/\/www.raptore-bajk.pl\/wp-content\/uploads\/2022\/11\/IMG_20221117_175428.jpg 1437w\" sizes=\"auto, (max-width: 205px) 100vw, 205px\" \/><\/p>\n<p>Akumulator pasuje jako wk\u0142ad wymienny oryginalnego akumulatora z metalowej skrzynki, w zestawie odpowiednie\u00a0 wtyczki do monta\u017cu<\/p>\n<p>&nbsp;<\/p>\n","protected":false},"excerpt":{"rendered":"<p>Akumulator do\u00a0 hulajnogi harley\u00a0 w pod\u0142og\u0119 CITYCOCO ,VELEX Zdj\u0119cie podgl\u0105dowe\u00a0 Dane techniczne : Napi\u0119cie nominalne 60V [16s Li-ion] Pojemno\u015b\u0107 28Ah Max pr\u0105d 50A Ogniwa Samsung Wymiary ok. 340\\180\\80 Zdj\u0119cie produktu Akumulator pasuje jako wk\u0142ad wymienny oryginalnego akumulatora z metalowej skrzynki, w zestawie odpowiednie\u00a0 wtyczki do monta\u017cu &nbsp;<\/p>\n","protected":false},"featured_media":571,"comment_status":"open","ping_status":"closed","template":"","meta":[],"product_brand":[],"product_cat":[18],"product_tag":[],"class_list":{"0":"post-570","1":"product","2":"type-product","3":"status-publish","4":"has-post-thumbnail","6":"product_cat-akumulatory","8":"first","9":"instock","10":"taxable","11":"shipping-taxable","12":"purchasable","13":"product-type-simple"},"jetpack_sharing_enabled":true,"_links":{"self":[{"href":"https:\/\/www.raptore-bajk.pl\/index.php\/wp-json\/wp\/v2\/product\/570","targetHints":{"allow":["GET"]}}],"collection":[{"href":"https:\/\/www.raptore-bajk.pl\/index.php\/wp-json\/wp\/v2\/product"}],"about":[{"href":"https:\/\/www.raptore-bajk.pl\/index.php\/wp-json\/wp\/v2\/types\/product"}],"replies":[{"embeddable":true,"href":"https:\/\/www.raptore-bajk.pl\/index.php\/wp-json\/wp\/v2\/comments?post=570"}],"wp:featuredmedia":[{"embeddable":true,"href":"https:\/\/www.raptore-bajk.pl\/index.php\/wp-json\/wp\/v2\/media\/571"}],"wp:attachment":[{"href":"https:\/\/www.raptore-bajk.pl\/index.php\/wp-json\/wp\/v2\/media?parent=570"}],"wp:term":[{"taxonomy":"product_brand","embeddable":true,"href":"https:\/\/www.raptore-bajk.pl\/index.php\/wp-json\/wp\/v2\/product_brand?post=570"},{"taxonomy":"product_cat","embeddable":true,"href":"https:\/\/www.raptore-bajk.pl\/index.php\/wp-json\/wp\/v2\/product_cat?post=570"},{"taxonomy":"product_tag","embeddable":true,"href":"https:\/\/www.raptore-bajk.pl\/index.php\/wp-json\/wp\/v2\/product_tag?post=570"}],"curies":[{"name":"wp","href":"https:\/\/api.w.org\/{rel}","templated":true}]}}