{"id":434,"date":"2022-07-14T22:44:34","date_gmt":"2022-07-14T20:44:34","guid":{"rendered":"http:\/\/www.raptore-bajk.pl\/?post_type=product&#038;p=434"},"modified":"2025-04-04T11:39:40","modified_gmt":"2025-04-04T09:39:40","slug":"bms-ant-325a-smart-bt","status":"publish","type":"product","link":"https:\/\/www.raptore-bajk.pl\/index.php\/produkt\/bms-ant-325a-smart-bt\/","title":{"rendered":"BMS ANT 8-22s 325A Smart  BT"},"content":{"rendered":"<p><strong><span>BMS ANT 325A Smart \u2013 Zaawansowany System Zarz\u0105dzania Bateri\u0105<\/span><\/strong><\/p>\n<p><span>BMS ANT 325A Smart do nowoczesnego Systemu Zarz\u0105dzania Bateri\u0105 (Battery Management System) stworzony do pojedynczego i szczeg\u00f3\u0142owego monitorowania akumulator\u00f3w o du\u017cej mocy. Z zasilacza do 325A, dziesi\u0119\u0107 zaawansowanych system\u00f3w BMS zapewnia pe\u0142ne dzia\u0142anie nad parametrami baterii, elektryczne, elektryczne, temperaturowe oraz elektryczne roz\u0142adowywanie<\/span><\/p>\n<p><span>Dzi\u0119ki funkcji \u201eSmart\u201d mo\u017cliwe jest zdalne sterowanie oraz konfiguracja aplikacji przez aplikacj\u0119 mobiln\u0105, co zwi\u0119ksza wi\u0119ksz\u0105 wygod\u0119 u\u017cytkowania i pozwala na szczeg\u00f3\u0142owe ujawnienie w razie zastosowania. ANT 325A Smart BMS jest rozwi\u0105zaniem idealnym dla u\u017cytkownik\u00f3w, kt\u00f3rzy ceni\u0105 sobie technologi\u0119, odkrywaj\u0105c pe\u0142ne bezpiecze\u0144stwo i zarz\u0105dzaj\u0105c energi\u0105 w zaawansowanych systemach<\/span><\/p>\n<p><strong>Wersja szczytowa 325A, ci\u0105g\u0142e roz\u0142adowanie 130A<\/strong><\/p>\n<p><span>Wersja 8S do 22S:<\/span><br \/>\n<span>Bateria litowo-jonowa 8S do 22S, bateria Lifepo4 od 8S do 22S, bateria 8S do 22S LTO<\/span><\/p>\n<p><strong data-spm-anchor-id=\"a2g0o.detail.1000023.i3.4bf47f23CdjEof\">Najnowsz\u0105 wersje BMS ANT\u00a0 mo\u017cemy ustawi\u0107 wy\u0142\u0105cznie z najnowszej aplikacji, <\/strong><strong data-spm-anchor-id=\"a2g0o.detail.1000023.i3.4bf47f23CdjEof\">link poni\u017cej.<\/strong><\/p>\n<p>https:\/\/drive.google.com\/file\/d\/1nby0utms8jogbYTpbhgOW5170o1RStz3\/view?usp=sharing<\/p>\n<p><strong>Zestaw zawiera:<\/strong><\/p>\n<p>-Urz\u0105dzenie BMS ANT 325A z przewodami 4x 12Awg<\/p>\n<p>-Przewody Balansuj\u0105ce<\/p>\n<p>-4 czujniki temperatury<\/p>\n<p>-Przew\u00f3d aktywacji<\/p>\n<p>&nbsp;<\/p>\n<p><em><strong>Zestaw nie zawiera LCD.<\/strong><\/em><\/p>\n<p><strong>Wymiary:<\/strong><\/p>\n<p><span>8S do\u00a0 22S 325A rozmiar: 14.7CM * 7CM * 1.7CM<\/span><\/p>\n<p>&nbsp;<\/p>\n<p>&nbsp;<\/p>\n<p><strong>Rok gwarancji\u00a0<\/strong><\/p>\n<p><span>Nie obejmuje w przypadku b\u0142\u0119du w monta\u017cu lub ingerencje w\u00a0<\/span><span>urz\u0105dzenie.<\/span><\/p>\n<p>&nbsp;<\/p>\n<p>&nbsp;<\/p>\n<p>&nbsp;<\/p>\n","protected":false},"excerpt":{"rendered":"<p>BMS ANT 325A Smart \u2013 Zaawansowany System Zarz\u0105dzania Bateri\u0105 BMS ANT 325A Smart do nowoczesnego Systemu Zarz\u0105dzania Bateri\u0105 (Battery Management System) stworzony do pojedynczego i szczeg\u00f3\u0142owego monitorowania akumulator\u00f3w o du\u017cej mocy. Z zasilacza do 325A, dziesi\u0119\u0107 zaawansowanych system\u00f3w BMS zapewnia pe\u0142ne dzia\u0142anie nad parametrami baterii, elektryczne, elektryczne, temperaturowe oraz elektryczne [&hellip;]<\/p>\n","protected":false},"featured_media":1425,"comment_status":"open","ping_status":"closed","template":"","meta":[],"product_brand":[],"product_cat":[17],"product_tag":[],"class_list":{"0":"post-434","1":"product","2":"type-product","3":"status-publish","4":"has-post-thumbnail","6":"product_cat-bez-kategorii","8":"first","9":"instock","10":"taxable","11":"shipping-taxable","12":"purchasable","13":"product-type-simple"},"jetpack_sharing_enabled":true,"_links":{"self":[{"href":"https:\/\/www.raptore-bajk.pl\/index.php\/wp-json\/wp\/v2\/product\/434","targetHints":{"allow":["GET"]}}],"collection":[{"href":"https:\/\/www.raptore-bajk.pl\/index.php\/wp-json\/wp\/v2\/product"}],"about":[{"href":"https:\/\/www.raptore-bajk.pl\/index.php\/wp-json\/wp\/v2\/types\/product"}],"replies":[{"embeddable":true,"href":"https:\/\/www.raptore-bajk.pl\/index.php\/wp-json\/wp\/v2\/comments?post=434"}],"wp:featuredmedia":[{"embeddable":true,"href":"https:\/\/www.raptore-bajk.pl\/index.php\/wp-json\/wp\/v2\/media\/1425"}],"wp:attachment":[{"href":"https:\/\/www.raptore-bajk.pl\/index.php\/wp-json\/wp\/v2\/media?parent=434"}],"wp:term":[{"taxonomy":"product_brand","embeddable":true,"href":"https:\/\/www.raptore-bajk.pl\/index.php\/wp-json\/wp\/v2\/product_brand?post=434"},{"taxonomy":"product_cat","embeddable":true,"href":"https:\/\/www.raptore-bajk.pl\/index.php\/wp-json\/wp\/v2\/product_cat?post=434"},{"taxonomy":"product_tag","embeddable":true,"href":"https:\/\/www.raptore-bajk.pl\/index.php\/wp-json\/wp\/v2\/product_tag?post=434"}],"curies":[{"name":"wp","href":"https:\/\/api.w.org\/{rel}","templated":true}]}}