{"id":1584,"date":"2025-03-20T20:54:52","date_gmt":"2025-03-20T19:54:52","guid":{"rendered":"https:\/\/www.raptore-bajk.pl\/?post_type=product&#038;p=1584"},"modified":"2025-12-15T13:33:41","modified_gmt":"2025-12-15T12:33:41","slug":"zapasowa-plastikowa-oslona-do-talaria-mx3-mx4","status":"publish","type":"product","link":"https:\/\/www.raptore-bajk.pl\/index.php\/produkt\/zapasowa-plastikowa-oslona-do-talaria-mx3-mx4\/","title":{"rendered":"Zapasowa plastikowa os\u0142ona do Talaria MX3 \/ MX4"},"content":{"rendered":"<p><span>Chro\u0144 sw\u00f3j kontroler Torp przed b\u0142otem, kurzem i uderzeniami.<\/span><\/p>\n<p><span>Nale\u017cy pami\u0119ta\u0107, \u017ce plastikowa os\u0142ona jest do\u0142\u0105czona do zestawu z kontrolerem TC500 \/ TC1000.<\/span><\/p>\n<p><span>Wymiary: 170 x 300 mm<\/span><\/p>\n<p><strong>Zawarto\u015b\u0107 opakowania:<\/strong><\/p>\n<ul>\n<li><span>\u00a0plastikowa os\u0142ona<\/span><br \/>\n<span><\/span><\/li>\n<li><span>6 \u015brub<\/span><br \/>\n<span><\/span><\/li>\n<li><span>2 klucze imbusowe<\/span><\/li>\n<li><span>2 metalowe uchwyty<\/span><\/li>\n<li><span>4 naklejki Torp<\/span><\/li>\n<\/ul>\n","protected":false},"excerpt":{"rendered":"<p>Chro\u0144 sw\u00f3j kontroler Torp przed b\u0142otem, kurzem i uderzeniami. Nale\u017cy pami\u0119ta\u0107, \u017ce plastikowa os\u0142ona jest do\u0142\u0105czona do zestawu z kontrolerem TC500 \/ TC1000. Wymiary: 170 x 300 mm Zawarto\u015b\u0107 opakowania: \u00a0plastikowa os\u0142ona 6 \u015brub 2 klucze imbusowe 2 metalowe uchwyty 4 naklejki Torp<\/p>\n","protected":false},"featured_media":2081,"comment_status":"open","ping_status":"closed","template":"","meta":[],"product_brand":[],"product_cat":[33],"product_tag":[],"class_list":{"0":"post-1584","1":"product","2":"type-product","3":"status-publish","4":"has-post-thumbnail","6":"product_cat-modyfikacje-talaria-string-mx3-mx4","8":"first","9":"instock","10":"taxable","11":"shipping-taxable","12":"purchasable","13":"product-type-simple"},"jetpack_sharing_enabled":true,"_links":{"self":[{"href":"https:\/\/www.raptore-bajk.pl\/index.php\/wp-json\/wp\/v2\/product\/1584","targetHints":{"allow":["GET"]}}],"collection":[{"href":"https:\/\/www.raptore-bajk.pl\/index.php\/wp-json\/wp\/v2\/product"}],"about":[{"href":"https:\/\/www.raptore-bajk.pl\/index.php\/wp-json\/wp\/v2\/types\/product"}],"replies":[{"embeddable":true,"href":"https:\/\/www.raptore-bajk.pl\/index.php\/wp-json\/wp\/v2\/comments?post=1584"}],"wp:featuredmedia":[{"embeddable":true,"href":"https:\/\/www.raptore-bajk.pl\/index.php\/wp-json\/wp\/v2\/media\/2081"}],"wp:attachment":[{"href":"https:\/\/www.raptore-bajk.pl\/index.php\/wp-json\/wp\/v2\/media?parent=1584"}],"wp:term":[{"taxonomy":"product_brand","embeddable":true,"href":"https:\/\/www.raptore-bajk.pl\/index.php\/wp-json\/wp\/v2\/product_brand?post=1584"},{"taxonomy":"product_cat","embeddable":true,"href":"https:\/\/www.raptore-bajk.pl\/index.php\/wp-json\/wp\/v2\/product_cat?post=1584"},{"taxonomy":"product_tag","embeddable":true,"href":"https:\/\/www.raptore-bajk.pl\/index.php\/wp-json\/wp\/v2\/product_tag?post=1584"}],"curies":[{"name":"wp","href":"https:\/\/api.w.org\/{rel}","templated":true}]}}