{"id":1396,"date":"2024-10-29T21:53:53","date_gmt":"2024-10-29T20:53:53","guid":{"rendered":"https:\/\/www.raptore-bajk.pl\/?post_type=product&#038;p=1396"},"modified":"2026-03-04T19:26:37","modified_gmt":"2026-03-04T18:26:37","slug":"silnik-torp-tm40-surron-light-bee","status":"publish","type":"product","link":"https:\/\/www.raptore-bajk.pl\/index.php\/produkt\/silnik-torp-tm40-surron-light-bee\/","title":{"rendered":"SILNIK TORP TM40 Pro Surron Light Bee"},"content":{"rendered":"<p>Wzmocnij swojego Surron Light Bee za pomoc\u0105 silnika elektrycznego firmy Torp Motors TM40 o imponuj\u0105cej mocy 42kW. Ten zaawansowany silnik zosta\u0142 zaprojektowany z my\u015bl\u0105 o dostarczeniu niesamowitej wydajno\u015bci w ka\u017cdym terenie.<\/p>\n<p>Silnik Torp Motors TM40 nie tylko zapewnia pot\u0119\u017cne przyspieszenie, ale r\u00f3wnie\u017c gwarantuje doskona\u0142\u0105 responsywno\u015b\u0107 i trwa\u0142o\u015b\u0107. Doskonale integruje si\u0119 z Surron Light Bee, oferuj\u0105c pe\u0142n\u0105 kontrol\u0119 nad si\u0142\u0105 i szybko\u015bci\u0105. To idealne rozwi\u0105zanie dla entuzjast\u00f3w, kt\u00f3rzy pragn\u0105 maksymalnie wykorzysta\u0107 potencja\u0142 swojego pojazdu.<\/p>\n<p>Zainstaluj silnik Torp Motors TM40 i do\u015bwiadczaj jazdy na Surron Light Bee na zupe\u0142nie nowym poziomie. Odkryj moc, dynamik\u0119 i nieograniczone mo\u017cliwo\u015bci tego zaawansowanego silnika elektrycznego.<\/p>\n<p><span>Silnik TORP TM40 zosta\u0142 opracowany z my\u015bl\u0105 o sterownikach Torp, silnik ten mo\u017cna z \u0142atwo\u015bci\u0105 u\u017cywa\u0107 ze sterownikami innych marek, a tak\u017ce montowa\u0107 w r\u00f3\u017cnych pojazdach.<\/span><\/p>\n<p><a href=\"https:\/\/drive.google.com\/file\/d\/1iktdMQYlSI9RXzguEVqeYHn9tx19MO0f\/view?usp=sharing\"><em><strong>Instrukcja Monta\u017cu<\/strong><\/em><\/a><\/p>\n<p><em><strong>Waga 12kg<\/strong><\/em><\/p>\n<p><em><strong>Moment Obrotowy 93Nm<\/strong><\/em><\/p>\n<p><em><strong>Moc szczytowa 42kW<\/strong><\/em><\/p>\n<p><span>OPRACOWANE DLA SURRON LIGHTBEE, Z MO\u017bLIWO\u015aCIAMI MONTA\u017bU DLA INNYCH POJAZD\u00d3W<\/span><\/p>\n<p><a href=\"https:\/\/www.raptore-bajk.pl\/index.php\/produkt\/sterownik-tc-1000-torp-motor\/\"><em><strong>Zalecany Sterownik Torp TC1000<\/strong><\/em><\/a><\/p>\n","protected":false},"excerpt":{"rendered":"<p>Silnik Surron Light Bee TM40pro\u00a0 \u00a0 <strong>42kW<\/strong><\/p>\n","protected":false},"featured_media":2036,"comment_status":"open","ping_status":"closed","template":"","meta":[],"product_brand":[],"product_cat":[29,24],"product_tag":[],"class_list":{"0":"post-1396","1":"product","2":"type-product","3":"status-publish","4":"has-post-thumbnail","6":"product_cat-modyfikacje-surron-light-bee","7":"product_cat-silniki","9":"first","10":"instock","11":"taxable","12":"shipping-taxable","13":"purchasable","14":"product-type-simple"},"jetpack_sharing_enabled":true,"_links":{"self":[{"href":"https:\/\/www.raptore-bajk.pl\/index.php\/wp-json\/wp\/v2\/product\/1396","targetHints":{"allow":["GET"]}}],"collection":[{"href":"https:\/\/www.raptore-bajk.pl\/index.php\/wp-json\/wp\/v2\/product"}],"about":[{"href":"https:\/\/www.raptore-bajk.pl\/index.php\/wp-json\/wp\/v2\/types\/product"}],"replies":[{"embeddable":true,"href":"https:\/\/www.raptore-bajk.pl\/index.php\/wp-json\/wp\/v2\/comments?post=1396"}],"wp:featuredmedia":[{"embeddable":true,"href":"https:\/\/www.raptore-bajk.pl\/index.php\/wp-json\/wp\/v2\/media\/2036"}],"wp:attachment":[{"href":"https:\/\/www.raptore-bajk.pl\/index.php\/wp-json\/wp\/v2\/media?parent=1396"}],"wp:term":[{"taxonomy":"product_brand","embeddable":true,"href":"https:\/\/www.raptore-bajk.pl\/index.php\/wp-json\/wp\/v2\/product_brand?post=1396"},{"taxonomy":"product_cat","embeddable":true,"href":"https:\/\/www.raptore-bajk.pl\/index.php\/wp-json\/wp\/v2\/product_cat?post=1396"},{"taxonomy":"product_tag","embeddable":true,"href":"https:\/\/www.raptore-bajk.pl\/index.php\/wp-json\/wp\/v2\/product_tag?post=1396"}],"curies":[{"name":"wp","href":"https:\/\/api.w.org\/{rel}","templated":true}]}}