{"id":1340,"date":"2024-08-06T22:23:17","date_gmt":"2024-08-06T20:23:17","guid":{"rendered":"https:\/\/www.raptore-bajk.pl\/?post_type=product&#038;p=1340"},"modified":"2025-08-06T12:39:10","modified_gmt":"2025-08-06T10:39:10","slug":"akumulator-talaria-sting-72v-50ah-18kw","status":"publish","type":"product","link":"https:\/\/www.raptore-bajk.pl\/index.php\/produkt\/akumulator-talaria-sting-72v-50ah-18kw\/","title":{"rendered":"Akumulator Talaria Sting MX3 MX4 72V 50Ah 18kW"},"content":{"rendered":"<p><span>Akumulator Li-ion w trwa\u0142ej obudowie Custom<\/span><br \/>\n<span>72 V 50Ah 3600Wh Pr\u0105d 150A\u00a0 peek 250A\u00a0<\/span><\/p>\n<p><span>Do akumulatora zaprojektowali\u015bmy odpowiedni\u0105 ta\u015bm\u0119 \u201d\u0142\u0105czniki\u201d miedziane, kt\u00f3ra jest ci\u0119ta technologi\u0105 laserow\u0105, Co wyr\u00f3\u017cnia nasze produkty na rynku z innymi konkurencyjnymi firmami. Nasze \u0142\u0105czniki bardzo dobrze przenosz\u0105 pr\u0105d bez \u017cadnych strat czy nagrzewaj\u0105 ogniwa, Za czym idzie wydajno\u015b\u0107 Wydajno\u015b\u0107 Akumulatora.<\/span><br \/>\n<span>Akumulator jest tworzony Na maksymalnym poziomie.\u00a0Z wykorzystaniem najnowocze\u015bniejszych technologii i technologii<\/span><\/p>\n<p>&nbsp;<\/p>\n<p><strong>Wersja oficjalna z zachowaniem odporno\u015bci na zalania wod\u0105 [ Nie myjemy myjaki ci\u015bnieniowymi]<\/strong><\/p>\n<p><span>Waga akumulatora 18Kg <\/span><\/p>\n<p><span>Akumulator pasuje do ka\u017cdej wersji Talaria Sting. <\/span>Nie wymaga podnoszenia i zmiany klapki.<\/p>\n<p><span>W zestawie<\/span><\/p>\n<p><span>-Akumulator\u00a0<\/span><span>72V\u00a0<\/span><span> 50Ah<\/span><br \/>\n-Instrukcja<\/p>\n<p>&#8211; Gwarancja<\/p>\n<p><a href=\"http:\/\/www.raptore-bajk.pl\/index.php\/produkt\/ladowarka-li-ion-84v-15a\/\"><strong><span>Nie zawiera \u0142adowarki (link)<\/span><\/strong><\/a><\/p>\n<p><span>Wymiary:<\/span><\/p>\n<p><span>wysoko\u015b\u0107 38 cm<\/span><\/p>\n<p><span>Na akumulator jest rok gwarancji!!<\/span><br \/>\n<span><\/span><span><\/span><\/p>\n<p><strong>Czas oczekiwania od 14- do 30 dni roboczych<\/strong><\/p>\n","protected":false},"excerpt":{"rendered":"<p>Akumulator Li-ion w trwa\u0142ej obudowie Custom 72 V 50Ah 3600Wh Pr\u0105d 150A\u00a0 peek 250A\u00a0 Do akumulatora zaprojektowali\u015bmy odpowiedni\u0105 ta\u015bm\u0119 \u201d\u0142\u0105czniki\u201d miedziane, kt\u00f3ra jest ci\u0119ta technologi\u0105 laserow\u0105, Co wyr\u00f3\u017cnia nasze produkty na rynku z innymi konkurencyjnymi firmami. Nasze \u0142\u0105czniki bardzo dobrze przenosz\u0105 pr\u0105d bez \u017cadnych strat czy nagrzewaj\u0105 ogniwa, Za czym [&hellip;]<\/p>\n","protected":false},"featured_media":1720,"comment_status":"open","ping_status":"closed","template":"","meta":[],"product_brand":[],"product_cat":[33],"product_tag":[],"class_list":{"0":"post-1340","1":"product","2":"type-product","3":"status-publish","4":"has-post-thumbnail","6":"product_cat-modyfikacje-talaria-string-mx3-mx4","8":"first","9":"onbackorder","10":"taxable","11":"shipping-taxable","12":"purchasable","13":"product-type-simple"},"jetpack_sharing_enabled":true,"_links":{"self":[{"href":"https:\/\/www.raptore-bajk.pl\/index.php\/wp-json\/wp\/v2\/product\/1340","targetHints":{"allow":["GET"]}}],"collection":[{"href":"https:\/\/www.raptore-bajk.pl\/index.php\/wp-json\/wp\/v2\/product"}],"about":[{"href":"https:\/\/www.raptore-bajk.pl\/index.php\/wp-json\/wp\/v2\/types\/product"}],"replies":[{"embeddable":true,"href":"https:\/\/www.raptore-bajk.pl\/index.php\/wp-json\/wp\/v2\/comments?post=1340"}],"wp:featuredmedia":[{"embeddable":true,"href":"https:\/\/www.raptore-bajk.pl\/index.php\/wp-json\/wp\/v2\/media\/1720"}],"wp:attachment":[{"href":"https:\/\/www.raptore-bajk.pl\/index.php\/wp-json\/wp\/v2\/media?parent=1340"}],"wp:term":[{"taxonomy":"product_brand","embeddable":true,"href":"https:\/\/www.raptore-bajk.pl\/index.php\/wp-json\/wp\/v2\/product_brand?post=1340"},{"taxonomy":"product_cat","embeddable":true,"href":"https:\/\/www.raptore-bajk.pl\/index.php\/wp-json\/wp\/v2\/product_cat?post=1340"},{"taxonomy":"product_tag","embeddable":true,"href":"https:\/\/www.raptore-bajk.pl\/index.php\/wp-json\/wp\/v2\/product_tag?post=1340"}],"curies":[{"name":"wp","href":"https:\/\/api.w.org\/{rel}","templated":true}]}}