{"id":1339,"date":"2024-08-06T22:17:27","date_gmt":"2024-08-06T20:17:27","guid":{"rendered":"https:\/\/www.raptore-bajk.pl\/?post_type=product&#038;p=1339"},"modified":"2025-10-21T22:10:52","modified_gmt":"2025-10-21T20:10:52","slug":"akumulator-talaria-sting-72v-60ah-25kw","status":"publish","type":"product","link":"https:\/\/www.raptore-bajk.pl\/index.php\/produkt\/akumulator-talaria-sting-72v-60ah-25kw\/","title":{"rendered":"Akumulator Talaria sting R MX3-MX4 72V 60Ah 25kW"},"content":{"rendered":"<p><span>Akumulator Talaria w trwa\u0142ej obudowie Custom<\/span><br \/>\n<span>72 V 60Ah 4320Wh Current 300A\u00a0<\/span><\/p>\n<p><span>Do akumulatora zaprojektowali\u015bmy odpowiedni\u0105 ta\u015bm\u0119 \u201d\u0142\u0105czniki\u201d miedziane 0.3mm, kt\u00f3ra jest ci\u0119t\u0105 technologi\u0105 laserow\u0105, Co wyr\u00f3\u017cnia nasze produkty na rynku z innymi konkurencyjnymi firmami. Nasze \u0142\u0105czniki bardzo dobrze przenosz\u0105 pr\u0105d bez \u017cadnych strat czy nagrzewaj\u0105 ogniwa, Za czym idzie wydajno\u015b\u0107 Wydajno\u015b\u0107 Akumulatora.<\/span><br \/>\n<span>Akumulator jest tworzony Na maksymalnym poziomie.\u00a0Z wykorzystaniem najnowocze\u015bniejszych technologii i technologii<\/span><\/p>\n<p>&nbsp;<\/p>\n<p><strong>Wersja oficjalna z zachowaniem odporno\u015bci na zalania wod\u0105 [ Nie myjemy myjaki ci\u015bnieniowymi]<\/strong><\/p>\n<p><span>Waga akumulatora 18Kg<\/span><br \/>\n<span>Akumulator pasuje do Talaria MX3 i MX4 z klapk\u0105 do MX5<\/span><\/p>\n<p>&nbsp;<\/p>\n<p>&nbsp;<\/p>\n<p><span>W zestawie<\/span><\/p>\n<p><span>-Akumulator\u00a0<\/span><span>72V\u00a0<\/span><span> 60Ah<\/span><\/p>\n<p><a href=\"http:\/\/www.raptore-bajk.pl\/index.php\/produkt\/ladowarka-li-ion-84v-15a\/\"><strong><span>Nie zawiera \u0142adowarki (link)<\/span><\/strong><\/a><\/p>\n<p><span>Wymiary:<\/span><\/p>\n<p><span>wysoko\u015b\u0107 38 cm<\/span><\/p>\n<p><span>Na akumulator jest rok gwarancji!!<\/span><\/p>\n<p>&nbsp;<\/p>\n<p><strong>Czas oczekiwania od 14- do 30 dni roboczych<\/strong><\/p>\n","protected":false},"excerpt":{"rendered":"<p><span>Akumulator Li-ion Talaria Sting\u00a0 Custom<\/span><br \/>\n<span>72 V 60Ah\u00a0 25kW\u00a0<\/span><\/p>\n","protected":false},"featured_media":1927,"comment_status":"open","ping_status":"closed","template":"","meta":[],"product_brand":[],"product_cat":[33],"product_tag":[],"class_list":{"0":"post-1339","1":"product","2":"type-product","3":"status-publish","4":"has-post-thumbnail","6":"product_cat-modyfikacje-talaria-string-mx3-mx4","8":"first","9":"instock","10":"taxable","11":"shipping-taxable","12":"purchasable","13":"product-type-simple"},"jetpack_sharing_enabled":true,"_links":{"self":[{"href":"https:\/\/www.raptore-bajk.pl\/index.php\/wp-json\/wp\/v2\/product\/1339","targetHints":{"allow":["GET"]}}],"collection":[{"href":"https:\/\/www.raptore-bajk.pl\/index.php\/wp-json\/wp\/v2\/product"}],"about":[{"href":"https:\/\/www.raptore-bajk.pl\/index.php\/wp-json\/wp\/v2\/types\/product"}],"replies":[{"embeddable":true,"href":"https:\/\/www.raptore-bajk.pl\/index.php\/wp-json\/wp\/v2\/comments?post=1339"}],"wp:featuredmedia":[{"embeddable":true,"href":"https:\/\/www.raptore-bajk.pl\/index.php\/wp-json\/wp\/v2\/media\/1927"}],"wp:attachment":[{"href":"https:\/\/www.raptore-bajk.pl\/index.php\/wp-json\/wp\/v2\/media?parent=1339"}],"wp:term":[{"taxonomy":"product_brand","embeddable":true,"href":"https:\/\/www.raptore-bajk.pl\/index.php\/wp-json\/wp\/v2\/product_brand?post=1339"},{"taxonomy":"product_cat","embeddable":true,"href":"https:\/\/www.raptore-bajk.pl\/index.php\/wp-json\/wp\/v2\/product_cat?post=1339"},{"taxonomy":"product_tag","embeddable":true,"href":"https:\/\/www.raptore-bajk.pl\/index.php\/wp-json\/wp\/v2\/product_tag?post=1339"}],"curies":[{"name":"wp","href":"https:\/\/api.w.org\/{rel}","templated":true}]}}