{"id":1156,"date":"2024-03-23T08:50:36","date_gmt":"2024-03-23T07:50:36","guid":{"rendered":"http:\/\/www.raptore-bajk.pl\/?post_type=product&#038;p=1156"},"modified":"2025-12-15T11:37:54","modified_gmt":"2025-12-15T10:37:54","slug":"nowy-lcd-ips-torp","status":"publish","type":"product","link":"https:\/\/www.raptore-bajk.pl\/index.php\/produkt\/nowy-lcd-ips-torp\/","title":{"rendered":"Nowy LCD IPS Torp"},"content":{"rendered":"<p><em><strong>Ca\u0142kiem nowy bardzo czytelny LCD od Firmy\u00a0 Torp\u00a0 Ulepszy Tw\u00f3j pojazd w nowe funkcje.<\/strong><\/em><\/p>\n<p>Opis<\/p>\n<ul>\n<li>Prze\u0142\u0105czanie pomi\u0119dzy trybami<\/li>\n<li>Wy\u015bwietla dane kontrolera i pr\u0119dko\u015b\u0107<\/li>\n<li>Wy\u015bwietla dane baterii<\/li>\n<li>Przy u\u017cyciu masz mo\u017cliwo\u015b\u0107 biegu wstecznego w SurRon Light Bee i Talaria MX3 \/ MX4<\/li>\n<li>Przycisk trybu dziennego w SurRon Light Bee i Talaria MX3 \/ MX4<\/li>\n<li>nstalacja poprzez pod\u0142\u0105czenie bezpo\u015brednio do wi\u0105zki przewod\u00f3w sterownika Torp<\/li>\n<li>Wy\u015bwietlacz o wysokiej jasno\u015bci<\/li>\n<\/ul>\n<p>Kompatybilny z:<\/p>\n<ul>\n<li><a href=\"https:\/\/www.raptore-bajk.pl\/index.php\/produkt\/torp-kontroler-500-surron-lite-bee-segway-x260\/\">Kontroler TC500 dla SurRon Light Bee<\/a><\/li>\n<li><a href=\"https:\/\/www.raptore-bajk.pl\/index.php\/produkt\/torp-tc500-dla-talaria-mx3mx4-sting-r\/\">Kontroler TC500 dla Talarii MX3 \/ MX4<\/a><\/li>\n<li><a href=\"https:\/\/www.raptore-bajk.pl\/index.php\/produkt\/sterownik-tc-1000-torp-motor\/\">Kontroler TC1000 dla SurRon Light Bee<\/a><\/li>\n<li><a href=\"https:\/\/www.raptore-bajk.pl\/index.php\/produkt\/sterownik-tc-1000-torp-motor-surron-ultrabee\/\">Kontroler TC1000 dla SurRon Ultra Bee<\/a><\/li>\n<\/ul>\n<p>Wymiary:<\/p>\n<ul>\n<li>85 x 65 x 60 mm<\/li>\n<li>K\u0105t widzenia: 170\u00b0<\/li>\n<li>Typ wy\u015bwietlacza: 2\u201d IPS<\/li>\n<li>Port danych: Bluetooth \/ CAN<\/li>\n<li>Kierownica: \u00d8 22,2\/25,4\/31,8<\/li>\n<\/ul>\n<p>Temperatura pracy: -20\u00b0C ~ 60\u00b0C<br \/>\nCertyfikat wodoodporno\u015bci: IP65<\/p>\n<p>Zawarte w pakiecie:<\/p>\n<ul>\n<li>1x Wy\u015bwietlacz Torpowy<\/li>\n<li>1x klucz sze\u015bciok\u0105tny<\/li>\n<\/ul>\n","protected":false},"excerpt":{"rendered":"<p>Nowy LCD TORP IPS<\/p>\n","protected":false},"featured_media":2054,"comment_status":"open","ping_status":"closed","template":"","meta":[],"product_brand":[],"product_cat":[29,32,33],"product_tag":[],"class_list":{"0":"post-1156","1":"product","2":"type-product","3":"status-publish","4":"has-post-thumbnail","6":"product_cat-modyfikacje-surron-light-bee","7":"product_cat-modyfikacje-surron-ultra-bee","8":"product_cat-modyfikacje-talaria-string-mx3-mx4","10":"first","11":"onbackorder","12":"taxable","13":"shipping-taxable","14":"purchasable","15":"product-type-simple"},"jetpack_sharing_enabled":true,"_links":{"self":[{"href":"https:\/\/www.raptore-bajk.pl\/index.php\/wp-json\/wp\/v2\/product\/1156","targetHints":{"allow":["GET"]}}],"collection":[{"href":"https:\/\/www.raptore-bajk.pl\/index.php\/wp-json\/wp\/v2\/product"}],"about":[{"href":"https:\/\/www.raptore-bajk.pl\/index.php\/wp-json\/wp\/v2\/types\/product"}],"replies":[{"embeddable":true,"href":"https:\/\/www.raptore-bajk.pl\/index.php\/wp-json\/wp\/v2\/comments?post=1156"}],"wp:featuredmedia":[{"embeddable":true,"href":"https:\/\/www.raptore-bajk.pl\/index.php\/wp-json\/wp\/v2\/media\/2054"}],"wp:attachment":[{"href":"https:\/\/www.raptore-bajk.pl\/index.php\/wp-json\/wp\/v2\/media?parent=1156"}],"wp:term":[{"taxonomy":"product_brand","embeddable":true,"href":"https:\/\/www.raptore-bajk.pl\/index.php\/wp-json\/wp\/v2\/product_brand?post=1156"},{"taxonomy":"product_cat","embeddable":true,"href":"https:\/\/www.raptore-bajk.pl\/index.php\/wp-json\/wp\/v2\/product_cat?post=1156"},{"taxonomy":"product_tag","embeddable":true,"href":"https:\/\/www.raptore-bajk.pl\/index.php\/wp-json\/wp\/v2\/product_tag?post=1156"}],"curies":[{"name":"wp","href":"https:\/\/api.w.org\/{rel}","templated":true}]}}