{"id":1004,"date":"2024-01-18T10:47:58","date_gmt":"2024-01-18T09:47:58","guid":{"rendered":"http:\/\/www.raptore-bajk.pl\/?post_type=product&#038;p=1004"},"modified":"2026-03-04T21:36:41","modified_gmt":"2026-03-04T20:36:41","slug":"zestaw-kit-surron-ultra-bee-72v-30kw","status":"publish","type":"product","link":"https:\/\/www.raptore-bajk.pl\/index.php\/produkt\/zestaw-kit-surron-ultra-bee-72v-30kw\/","title":{"rendered":"Zestaw Kit SurRon Ultra Bee 72V 30kW"},"content":{"rendered":"<p>Odkryj pe\u0142en potencja\u0142 swojego Surron Ultra Bee dzi\u0119ki naszemu zestawowi kit do samodzielnego monta\u017cu. Ten fascynuj\u0105cy zestaw modyfikacyjny zawiera nowoczesne rozwi\u0105zania, kt\u00f3re sprawi\u0105, \u017ce Twoje do\u015bwiadczenia z jazdy stan\u0105 si\u0119 jeszcze bardziej ekscytuj\u0105ce.<\/p>\n<p>W sk\u0142ad zestawu wchodzi pot\u0119\u017cny akumulator RaptorE-bajk (30kW, 90Ah, 72V), dostarczaj\u0105cy imponuj\u0105c\u0105 moc i zasi\u0119g, co przek\u0142ada si\u0119 na wydajno\u015b\u0107, na kt\u00f3r\u0105 zawsze czeka\u0142e\u015b. Sterownik Torp 100 (50kW, 60V-72V) zapewnia zaawansowan\u0105 kontrol\u0119 nad energi\u0105, umo\u017cliwiaj\u0105c dostosowanie parametr\u00f3w do Twoich preferencji.<\/p>\n<p>Zainstaluj nasz zestaw kit do Surron Ultra Bee i czerp rado\u015b\u0107 z niestandardowych modyfikacji, kt\u00f3re podkre\u015bl\u0105 potencja\u0142 Twojego elektrycznego pojazdu off-road. Got\u00f3w na nowy\u00a0poziom\u00a0przyg\u00f3d?<\/p>\n<p><a href=\"https:\/\/drive.google.com\/file\/d\/1vGZe8yLcJHoDohRxzCgdlu7jUVAhuIay\/view?usp=drive_link\"><strong>Instrukcja\u00a0<\/strong><\/a><\/p>\n<p><img loading=\"lazy\" decoding=\"async\" src=\"http:\/\/www.raptore-bajk.pl\/wp-content\/uploads\/2023\/10\/IMG_9823-BW-300x200.jpg\" alt=\"\" width=\"300\" height=\"200\" class=\"alignnone wp-image-977 size-medium\" srcset=\"https:\/\/www.raptore-bajk.pl\/wp-content\/uploads\/2023\/10\/IMG_9823-BW-300x200.jpg 300w, https:\/\/www.raptore-bajk.pl\/wp-content\/uploads\/2023\/10\/IMG_9823-BW-1024x683.jpg 1024w, https:\/\/www.raptore-bajk.pl\/wp-content\/uploads\/2023\/10\/IMG_9823-BW-768x512.jpg 768w, https:\/\/www.raptore-bajk.pl\/wp-content\/uploads\/2023\/10\/IMG_9823-BW-1536x1024.jpg 1536w, https:\/\/www.raptore-bajk.pl\/wp-content\/uploads\/2023\/10\/IMG_9823-BW-2048x1365.jpg 2048w, https:\/\/www.raptore-bajk.pl\/wp-content\/uploads\/2023\/10\/IMG_9823-BW-360x240.jpg 360w, https:\/\/www.raptore-bajk.pl\/wp-content\/uploads\/2023\/10\/IMG_9823-BW-600x400.jpg 600w\" sizes=\"auto, (max-width: 300px) 100vw, 300px\" \/><\/p>\n<p><strong>Dane Techniczne Sterownika Torp TC 1000<\/strong><\/p>\n<div class=\"et_pb_column et_pb_column_1_3 et_pb_column_32 et_pb_css_mix_blend_mode_passthrough\">\n<div class=\"et_pb_module et_pb_text et_pb_text_24 et_pb_text_align_left et_pb_bg_layout_light\">\n<div class=\"et_pb_text_inner\">\n<ul>\n<li>Sterowanie zorientowane na pole (FOC)<\/li>\n<li>Napi\u0119cie 20-90V<\/li>\n<li>Maksymalna moc: 50kW<\/li>\n<li>Sensored (enkoder HALL) i sterowanie bezczujnikowe<\/li>\n<li>Maksymalny pr\u0105d akumulatora: 700 A<\/li>\n<li>Maksymalny pr\u0105d fazowy:\u00a0 700A<\/li>\n<li>Sprawno\u015b\u0107 do 99%<\/li>\n<li>Temperatura pracy: od -15 do 75 C\u00b0<\/li>\n<li>Komunikacja Bluetooth<\/li>\n<li>Wst\u0119pna kalibracja: nie wymaga dodatkowych czynno\u015bci<\/li>\n<li>Zabezpieczenia nadpr\u0105dowe, przepi\u0119ciowe, podnapi\u0119ciowe i przegrzane<\/li>\n<li>Komunikacja z fabrycznym BMS Akumulatora surron jak i lcd<\/li>\n<li>R\u00f3\u017cne tryby hamowania regeneracyjnego i przepustnicy<\/li>\n<li>Waga: 1.3kg<\/li>\n<li>Funkcje: Aplikacja mobilna (IOS i Android), fabryczny wy\u015bwietlacz SurRon<\/li>\n<li>Klasa ochrony: IP67<\/li>\n<li>Regularne aktualizacje oprogramowania uk\u0142adowego<\/li>\n<\/ul>\n<p><strong>W oryginale zostaj\u0105 funkcje\u00a0 takie jak:<\/strong><\/p>\n<ul>\n<li>Oryginalny LCD<\/li>\n<li>Wsteczny<\/li>\n<li>3 tryby<\/li>\n<li>Kontrola trakcji<\/li>\n<li>Pe\u0142ne o\u015bwietlenie<\/li>\n<li>\u0141adowarka seryjna<\/li>\n<\/ul>\n<\/div>\n<\/div>\n<\/div>\n<div class=\"et_pb_column et_pb_column_1_3 et_pb_column_34 et_pb_css_mix_blend_mode_passthrough et-last-child\">\n<div class=\"et_pb_module et_pb_text et_pb_text_26 et_pb_text_align_left et_pb_bg_layout_light\">\n<div id=\"attachment_646\" class=\"wp-caption alignleft\">\n<p><img aria-describedby=\"caption-attachment-646\" decoding=\"async\" loading=\"lazy\" src=\"http:\/\/www.raptore-bajk.pl\/wp-content\/uploads\/2023\/12\/IMG20231221131618-225x300.jpg\" alt=\"\" width=\"225\" height=\"300\" class=\"alignnone wp-image-1001 size-medium\" srcset=\"https:\/\/www.raptore-bajk.pl\/wp-content\/uploads\/2023\/12\/IMG20231221131618-225x300.jpg 225w, https:\/\/www.raptore-bajk.pl\/wp-content\/uploads\/2023\/12\/IMG20231221131618-768x1024.jpg 768w, https:\/\/www.raptore-bajk.pl\/wp-content\/uploads\/2023\/12\/IMG20231221131618-1152x1536.jpg 1152w, https:\/\/www.raptore-bajk.pl\/wp-content\/uploads\/2023\/12\/IMG20231221131618-1536x2048.jpg 1536w, https:\/\/www.raptore-bajk.pl\/wp-content\/uploads\/2023\/12\/IMG20231221131618-600x800.jpg 600w, https:\/\/www.raptore-bajk.pl\/wp-content\/uploads\/2023\/12\/IMG20231221131618-scaled.jpg 1920w\" sizes=\"auto, (max-width: 225px) 100vw, 225px\" \/><\/p>\n<p id=\"caption-attachment-646\" class=\"wp-caption-text\">Zdj\u0119cie podgl\u0105dowe<\/p>\n<\/div>\n<div class=\"et_pb_text_inner\">\n<p><span><strong>Akumulator<\/strong><\/span><\/p>\n<p><span>Li-ion Surron w trwa\u0142ej obudowie Custom<\/span><br \/>\n<span>72 V 90Ah 6470Wh Current\u00a0 425A peek<\/span><\/p>\n<p><span>Do akumulatora zaprojektowali\u015bmy Odpowiedni\u0105 ta\u015bm\u0119 \u201d \u0142\u0105czniki\u201d\u00a0 Z czystej Miedzi 0.3mm, kt\u00f3ra jest ci\u0119ta technologi\u0105 laserow\u0105, Co wyr\u00f3\u017cnia nasze produkty na rynku z innymi konkurencyjnymi firmami. Nasze \u0142\u0105czniki bardzo dobrze przenosz\u0105 pr\u0105d bez \u017cadnych strat czy nagrzewa ogniw, Za czym idzie zwi\u0119kszenie wydajno\u015bci Akumulatora.<\/span><br \/>\n<span>Akumulator jest wykonany na najwy\u017cszym poziomie. Z wykorzystaniem Najnowszych technologii i rozwi\u0105za\u0144<\/span><\/p>\n<\/div>\n<\/div>\n<p>Waga akumulatora Kg 30kg<\/p>\n<div class=\"et_pb_module et_pb_text et_pb_text_26 et_pb_text_align_left et_pb_bg_layout_light\">\n<div class=\"et_pb_text_inner\">\n<p><span>Akumulator pasuje do\u00a0 Surrona\u00a0 Ultra Bee\u00a0<\/span><\/p>\n<p>&nbsp;<\/p>\n<p>&nbsp;<\/p>\n<p><strong>Zestaw zawiera<\/strong><\/p>\n<ul>\n<li>1x kontroler TC1000<\/li>\n<li>1x wi\u0105zka przewod\u00f3w<\/li>\n<li>1x Aluminiowa\u00a0 os\u0142ona CNC<\/li>\n<li>\u015bruby i narz\u0119dzia potrzebne do instalacji<\/li>\n<li>Wi\u0105zka zasilaj\u0105ca qs10 Anty Spark<\/li>\n<li>Akumulator 72V 90Ah\u00a0 6470Wh<\/li>\n<li>kr\u00f3tka instrukcja<\/li>\n<\/ul>\n<p><strong><em>Mo\u017cliwo\u015b\u0107 monta\u017cu w naszym serwisie po uzgodnieniu\u00a0<\/em><\/strong><\/p>\n<p><strong>Czas oczekiwania na zestaw to 14-30 dni\u00a0<\/strong><\/p>\n<\/div>\n<\/div>\n<\/div>\n","protected":false},"excerpt":{"rendered":"<p>Odkryj pe\u0142en potencja\u0142 swojego Surron Ultra Bee dzi\u0119ki naszemu zestawowi kit do samodzielnego monta\u017cu. Ten fascynuj\u0105cy zestaw modyfikacyjny zawiera nowoczesne rozwi\u0105zania, kt\u00f3re sprawi\u0105, \u017ce Twoje do\u015bwiadczenia z jazdy stan\u0105 si\u0119 jeszcze bardziej ekscytuj\u0105ce. W sk\u0142ad zestawu wchodzi pot\u0119\u017cny akumulator RaptorE-bajk (30kW, 90Ah, 72V), dostarczaj\u0105cy imponuj\u0105c\u0105 moc i zasi\u0119g, co przek\u0142ada [&hellip;]<\/p>\n","protected":false},"featured_media":1005,"comment_status":"open","ping_status":"closed","template":"","meta":[],"product_brand":[],"product_cat":[32],"product_tag":[],"class_list":{"0":"post-1004","1":"product","2":"type-product","3":"status-publish","4":"has-post-thumbnail","6":"product_cat-modyfikacje-surron-ultra-bee","8":"first","9":"onbackorder","10":"taxable","11":"shipping-taxable","12":"purchasable","13":"product-type-simple"},"jetpack_sharing_enabled":true,"_links":{"self":[{"href":"https:\/\/www.raptore-bajk.pl\/index.php\/wp-json\/wp\/v2\/product\/1004","targetHints":{"allow":["GET"]}}],"collection":[{"href":"https:\/\/www.raptore-bajk.pl\/index.php\/wp-json\/wp\/v2\/product"}],"about":[{"href":"https:\/\/www.raptore-bajk.pl\/index.php\/wp-json\/wp\/v2\/types\/product"}],"replies":[{"embeddable":true,"href":"https:\/\/www.raptore-bajk.pl\/index.php\/wp-json\/wp\/v2\/comments?post=1004"}],"wp:featuredmedia":[{"embeddable":true,"href":"https:\/\/www.raptore-bajk.pl\/index.php\/wp-json\/wp\/v2\/media\/1005"}],"wp:attachment":[{"href":"https:\/\/www.raptore-bajk.pl\/index.php\/wp-json\/wp\/v2\/media?parent=1004"}],"wp:term":[{"taxonomy":"product_brand","embeddable":true,"href":"https:\/\/www.raptore-bajk.pl\/index.php\/wp-json\/wp\/v2\/product_brand?post=1004"},{"taxonomy":"product_cat","embeddable":true,"href":"https:\/\/www.raptore-bajk.pl\/index.php\/wp-json\/wp\/v2\/product_cat?post=1004"},{"taxonomy":"product_tag","embeddable":true,"href":"https:\/\/www.raptore-bajk.pl\/index.php\/wp-json\/wp\/v2\/product_tag?post=1004"}],"curies":[{"name":"wp","href":"https:\/\/api.w.org\/{rel}","templated":true}]}}