{"id":967,"date":"2023-11-06T19:25:18","date_gmt":"2023-11-06T18:25:18","guid":{"rendered":"http:\/\/www.raptore-bajk.pl\/?page_id=967"},"modified":"2025-10-16T11:21:23","modified_gmt":"2025-10-16T09:21:23","slug":"zwroty-2","status":"publish","type":"page","link":"https:\/\/www.raptore-bajk.pl\/index.php\/zwroty-2\/","title":{"rendered":"Zwroty"},"content":{"rendered":"\n<p>Zwroty<\/p>\n\n\n\n<p><a href=\"https:\/\/drive.google.com\/file\/d\/1JPkZe-ZHcfEEDBAK3lH4AJ9m3dQZvCFp\/view?usp=drive_link\">Formularz link<\/a><\/p>\n\n\n\n<p><br>Informacja dla konsumenta o prawie odst\u0105pienia od umowy zawartej na odleg\u0142o\u015b\u0107<br>B\u0119d\u0105c konsumentem maj\u0105 Pa\u0144stwo prawo odst\u0105pi\u0107 od umowy zawartej w Sklepie Internetowym w terminie 14 dni bez podania jakiejkolwiek przyczyny.<\/p>\n\n\n\n<p>Termin do odst\u0105pienia od umowy wygasa po up\u0142ywie 14 dni od dnia w kt\u00f3rym weszli Pa\u0144stwo w posiadanie rzeczy lub w kt\u00f3rym osoba trzecia inna ni\u017c przewo\u017anik i wskazana przez Pa\u0144stwa wesz\u0142a w posiadanie rzeczy. Aby skorzysta\u0107 z prawa odst\u0105pienia od umowy, musz\u0105 Pa\u0144stwo poinformowa\u0107 nas o swojej decyzji o odst\u0105pieniu od niniejszej umowy w drodze jednoznacznego o\u015bwiadczenia (na przyk\u0142ad pismo wys\u0142ane poczt\u0105 tradycyjn\u0105 lub poczt\u0105 elektroniczn\u0105). O\u015bwiadczenie mog\u0105 Pa\u0144stwo przes\u0142a\u0107 na przyk\u0142ad: pisemnie na adres: RaptorE-bajk Piotr Okr\u00f3j Wsp\u00f3lna 29 05-600 Mirowice<br>w formie elektronicznej za po\u015brednictwem poczty elektronicznej na adres: raptorebajk@wp.pl<\/p>\n\n\n\n<p>Przyk\u0142adowy wz\u00f3r formularza odst\u0105pienia od umowy zawarty jest w za\u0142\u0105czniku nr 2 do Ustawy o Prawach Konsumenta oraz dodatkowo dost\u0119pny jest do pobrania tutaj (przyk\u0142adowy wz\u00f3r odst\u0105pienia od umowy). Mog\u0105 Pa\u0144stwo skorzysta\u0107 z wzoru formularza odst\u0105pienia od umowy, jednak nie jest to obowi\u0105zkowe. Aby zachowa\u0107 termin do odst\u0105pienia od umowy, wystarczy, aby wys\u0142ali Pa\u0144stwo informacj\u0119 dotycz\u0105c\u0105 wykonania przys\u0142uguj\u0105cego Pa\u0144stwu prawa odst\u0105pienia od umowy przed up\u0142ywem terminu do odst\u0105pienia od umowy.<\/p>\n\n\n\n<p>W przypadku odst\u0105pienia od niniejszej umowy zwracamy Pa\u0144stwu wszystkie otrzymane od Pa\u0144stwa p\u0142atno\u015bci, w tym koszty dostarczenia rzeczy (z wyj\u0105tkiem dodatkowych koszt\u00f3w wynikaj\u0105cych z wybranego przez Pa\u0144stwa sposobu dostarczenia innego ni\u017c najta\u0144szy zwyk\u0142y spos\u00f3b dostarczenia oferowany przez nas), niezw\u0142ocznie, a w ka\u017cdym przypadku nie p\u00f3\u017aniej ni\u017c 14 dni od dnia, w kt\u00f3rym zostali\u015bmy poinformowani o Pa\u0144stwa decyzji o wykonaniu prawa odst\u0105pienia od niniejszej umowy. Zwrotu p\u0142atno\u015bci dokonamy przy u\u017cyciu takich samych sposob\u00f3w p\u0142atno\u015bci, jakie zosta\u0142y przez Pa\u0144stwa u\u017cyte w pierwotnej transakcji, chyba \u017ce wyra\u017anie zgodzili\u015bcie si\u0119 Pa\u0144stwo na inne rozwi\u0105zanie; w ka\u017cdym przypadku nie ponios\u0105 Pa\u0144stwo \u017cadnych op\u0142at w zwi\u0105zku z tym zwrotem. Mo\u017cemy wstrzyma\u0107 si\u0119 ze zwrotem p\u0142atno\u015bci do czasu otrzymania rzeczy lub do czasu dostarczenia nam dowodu jej odes\u0142ania, w zale\u017cno\u015bci od tego, kt\u00f3re zdarzenie nast\u0105pi wcze\u015bniej.<\/p>\n\n\n\n<p>Je\u017celi otrzymali Pa\u0144stwo rzecz, to prosz\u0119 odes\u0142a\u0107 lub przekaza\u0107 j\u0105 nam na adres:<br>RaptorE-bajk Piotr Okr\u00f3j Wsp\u00f3lna 29 05-600 Mirowice<br>niezw\u0142ocznie, a w ka\u017cdym razie nie p\u00f3\u017aniej ni\u017c 14 dni od dnia, w kt\u00f3rym poinformowali nas Pa\u0144stwo o odst\u0105pieniu od niniejszej umowy. Termin jest zachowany, je\u017celi ode\u015bl\u0105 Pa\u0144stwo rzecz przed up\u0142ywem terminu 14 dni. B\u0119d\u0105 Pa\u0144stwo musieli ponie\u015b\u0107 bezpo\u015brednie koszty zwrotu rzeczy.<\/p>\n\n\n\n<p>Odpowiadaj\u0105 Pa\u0144stwo tylko za zmniejszenie warto\u015bci rzeczy wynikaj\u0105ce z korzystania z niej w spos\u00f3b inny ni\u017c by\u0142o to konieczne do stwierdzenia charakteru, cech i funkcjonowania rzeczy.<\/p>\n\n\n\n<p>Dane firmy sklepu RaptorE-bajk<br>Sklep Internetowy dost\u0119pny pod adresem internetowym http:\/\/www.raptore-bajk.pl\/ prowadzony jest przez Piotra Okr\u00f3j prowadz\u0105cego dzia\u0142alno\u015b\u0107 gospodarcz\u0105 pod nazw\u0105 firmy RaptorE-bajk Piotr Okr\u00f3j NAZWA SKR\u00d3CONA RaptorE-bajk wpisanego do Centralnej Ewidencji i Informacji o Dzia\u0142alno\u015bci Gospodarczej Rzeczypospolitej Polskiej prowadzonej przez ministra w\u0142a\u015bciwego do spraw gospodarki, posiadaj\u0105cego:<br>Adres miejsca wykonywania dzia\u0142alno\u015bci Wsp\u00f3lna 29 05-600 Mirowice<\/p>\n\n\n\n<p>RaptorE-bajk Piotr Okr\u00f3j<br>Ul. Wsp\u00f3lna 29<br>05-600 Mirowice<br>NIP 7981464977 REGON 384435980<br>Telefon Kontaktowy w godz. 9-17 514 370 118<\/p>\n\n\n\n<p>ODST\u0104PIENIE OD UMOWY<br>1.<br>Konsument mo\u017ce odst\u0105pi\u0107 od umowy sprzeda\u017cy Towar\u00f3w zakupionych w Sklepie bez podania przyczyny, sk\u0142adaj\u0105c stosowne o\u015bwiadczenie w terminie 30 (s\u0142ownie: trzydziestu) dni, licz\u0105c od dnia wydania Towaru (tj. od dnia od obj\u0119cia rzeczy w posiadanie przez Konsumenta lub wskazan\u0105 przez niego osob\u0119 trzeci\u0105 inn\u0105 ni\u017c przewo\u017anik). Do zachowania tego terminu wystarczy wys\u0142anie przez Konsumenta o\u015bwiadczenia o odst\u0105pieniu od umowy przed jego up\u0142ywem.<br>2.<br>Odst\u0119puj\u0105c od umowy sprzeda\u017cy Towaru Konsument mo\u017ce pos\u0142u\u017cy\u0107 si\u0119 jednym z wzor\u00f3w o\u015bwiadczenia znajduj\u0105cym si\u0119 poni\u017cej, jednak nie jest to obowi\u0105zkowe.<\/p>\n\n\n\n<p><a href=\"https:\/\/drive.google.com\/file\/d\/1JPkZe-ZHcfEEDBAK3lH4AJ9m3dQZvCFp\/view?usp=drive_link\">Formularz link<\/a><\/p>\n\n\n\n<p>1)<br>Formularz odst\u0105pienia od umowy<\/p>\n\n\n\n<p>2)<br>wys\u0142a\u0107 formularz odst\u0105pienia poprzez e-mail na adres: raptorebajk@wp.pl<br>3.<br>Prawo odst\u0105pienia od umowy nie przys\u0142uguje Konsumentowi w przypadku um\u00f3w o Us\u0142ugi dodatkowe w postaci ozdobnego opakowania Towaru, kt\u00f3re zgodnie<\/p>\n\n\n\n<p>z \u00a7 7 ust. 3 zosta\u0142y w pe\u0142ni wykonane przez Sprzedawc\u0119.<br>4.<br>W razie odst\u0105pienia od umowy Konsument zobowi\u0105zany jest do zwrotu Towaru niezw\u0142ocznie, na poni\u017cej podany adres, jednak nie p\u00f3\u017aniej ni\u017c 14 dni od dnia, w kt\u00f3rym odst\u0105pi\u0142 od umowy. RaptorE-bajk Piotr Okr\u00f3j Wsp\u00f3lna 29 05-600 Mirowice<\/p>\n\n\n\n<p>Do zachowania powy\u017cszego terminu wystarczy nadanie Towaru przed jego up\u0142ywem za po\u015brednictwem operatora pocztowego w rozumieniu ustawy Prawo pocztowe. W przypadku odes\u0142ania zwracanego Towaru Sprzedawca zaleca dopisanie na przesy\u0142ce informacji \u201eZWROT\u201d.<br>5.<br>Konsument mo\u017ce wys\u0142a\u0107 zwracany Towar do Sprzedawcy poprzez firm\u0119 kuriersk\u0105 wskazan\u0105 przez Sprzedawc\u0119 (GLS) \u2013 w tym celu Konsument powinien skontaktowa\u0107 si\u0119 uprzednio ze Sprzedawc\u0105. Wys\u0142anie zwracanego Towaru za po\u015brednictwem kuriera wskazanego przez Sprzedawc\u0119 na zlecenie Konsumenta mo\u017cliwe jest tylko na terenie Polski. Ponoszony przez Konsumenta koszt wys\u0142ania zwracanego Towaru do Sprzedawcy wynosi w takim przypadku 20 z\u0142 za ka\u017cd\u0105 paczk\u0119.<br>6.<br>Konsument ponosi odpowiedzialno\u015b\u0107 za zmniejszenie warto\u015bci Towaru b\u0119d\u0105ce wynikiem korzystania z niego w spos\u00f3b wykraczaj\u0105cy poza konieczny do stwierdzenia charakteru, cech i funkcjonowania Towaru.<br>7.<br>Zwrot p\u0142atno\u015bci jest dokonywany przy u\u017cyciu takich samych sposob\u00f3w p\u0142atno\u015bci, jaki zosta\u0142 przez Konsumenta u\u017cyty w pierwotnej transakcji, chyba \u017ce wyra\u017anie Konsument zgodzi\u0142 si\u0119 na inne rozwi\u0105zanie.<br>8.<br>Sprzedawca dokonuje zwrotu p\u0142atno\u015bci w terminie 14 dni od dnia otrzymania o\u015bwiadczenia o odst\u0105pieniu od umowy, ale mo\u017ce wstrzyma\u0107 si\u0119 ze zwrotem tych p\u0142atno\u015bci do czasu otrzymania Towaru lub do czasu dostarczenia Sprzedawcy dowodu jego odes\u0142ania, w zale\u017cno\u015bci od tego, kt\u00f3re zdarzenie nast\u0105pi wcze\u015bniej.<br>9.<br>Je\u017celi Konsument wybra\u0142 spos\u00f3b dostarczenia Towaru inny ni\u017c najta\u0144szy zwyk\u0142y spos\u00f3b dostarczenia oferowany przez Sprzedawca, Sprzedawca nie jest zobowi\u0105zany do zwrotu Konsumentowi poniesionych przez niego dodatkowych koszt\u00f3w.<br>10.<br>Konsument ponosi bezpo\u015brednie koszty zwrotu Towaru \u2013 zgodnie z cennikiem przewo\u017anika, przy pomocy kt\u00f3rego Konsument dostarcza zwracany Towar do Sprzedawcy, tj. Konsument odsy\u0142a Towar do Sprzedawcy na w\u0142asny koszt, kt\u00f3ry nie podlega zwrotowi.<br>11.<br>Klient nieposiadaj\u0105cy statusu Konsumenta nie ma uprawnienia do odst\u0105pienia od umowy w terminie trzydziestu dni. Wobec takich Klient\u00f3w zasady i terminy odst\u0105pienia od umowy reguluj\u0105 przepisy Kodeksu cywilnego.<\/p>\n","protected":false},"excerpt":{"rendered":"<p>Zwroty Formularz link Informacja dla konsumenta o prawie odst\u0105pienia od umowy zawartej na odleg\u0142o\u015b\u0107B\u0119d\u0105c konsumentem maj\u0105 Pa\u0144stwo prawo odst\u0105pi\u0107 od umowy zawartej w Sklepie Internetowym w terminie 14 dni bez podania jakiejkolwiek przyczyny. Termin do odst\u0105pienia od umowy wygasa po up\u0142ywie 14 dni od dnia w kt\u00f3rym weszli Pa\u0144stwo w [&hellip;]<\/p>\n","protected":false},"author":3,"featured_media":0,"parent":0,"menu_order":0,"comment_status":"closed","ping_status":"closed","template":"","meta":{"footnotes":""},"class_list":["post-967","page","type-page","status-publish","hentry"],"jetpack_sharing_enabled":true,"_links":{"self":[{"href":"https:\/\/www.raptore-bajk.pl\/index.php\/wp-json\/wp\/v2\/pages\/967","targetHints":{"allow":["GET"]}}],"collection":[{"href":"https:\/\/www.raptore-bajk.pl\/index.php\/wp-json\/wp\/v2\/pages"}],"about":[{"href":"https:\/\/www.raptore-bajk.pl\/index.php\/wp-json\/wp\/v2\/types\/page"}],"author":[{"embeddable":true,"href":"https:\/\/www.raptore-bajk.pl\/index.php\/wp-json\/wp\/v2\/users\/3"}],"replies":[{"embeddable":true,"href":"https:\/\/www.raptore-bajk.pl\/index.php\/wp-json\/wp\/v2\/comments?post=967"}],"version-history":[{"count":3,"href":"https:\/\/www.raptore-bajk.pl\/index.php\/wp-json\/wp\/v2\/pages\/967\/revisions"}],"predecessor-version":[{"id":1912,"href":"https:\/\/www.raptore-bajk.pl\/index.php\/wp-json\/wp\/v2\/pages\/967\/revisions\/1912"}],"wp:attachment":[{"href":"https:\/\/www.raptore-bajk.pl\/index.php\/wp-json\/wp\/v2\/media?parent=967"}],"curies":[{"name":"wp","href":"https:\/\/api.w.org\/{rel}","templated":true}]}}